hat is 4 - 20633?
-20627
In base 5, what is 43 + 1?
44
In base 3, what is 21022 + -1?
21021
In base 13, what is -5 - -36?
31
In base 10, what is 1 - 1?
0
In base 7, what is -13 - 32?
-45
In base 12, what is 4 - -42?
46
In base 12, what is b7 - -4?
bb
In base 8, what is 23 + -204?
-161
In base 5, what is -14 - -132?
113
In base 11, what is -7a - -5?
-75
In base 13, what is 2b24 - 1?
2b23
In base 13, what is 241 - 21?
220
In base 12, what is 47 + a?
55
In base 6, what is 3 + -401?
-354
In base 6, what is -54 + -4?
-102
In base 5, what is 200 - 101?
44
In base 3, what is -111201002 + -11?
-111201020
In base 9, what is 52 + -17?
34
In base 6, what is -52 + 422?
330
In base 15, what is -839 - -3?
-836
In base 6, what is -404 - 5?
-413
In base 2, what is -100010010000111 + -100?
-100010010001011
In base 7, what is 33 + 162?
225
In base 9, what is -105 + -70?
-175
In base 2, what is -100 + 1000111011?
1000110111
In base 6, what is -13210 + 4?
-13202
In base 7, what is 2162 - 64?
2065
In base 11, what is -10a + -28?
-137
In base 11, what is -241 - 5?
-246
In base 14, what is 7 + -3a6?
-39d
In base 7, what is -1 - 4?
-5
In base 4, what is -20 - 12123?
-12203
In base 8, what is 30676 + -4?
30672
In base 15, what is -e1 + -1?
-e2
In base 7, what is 35146 - 2?
35144
In base 2, what is 10 + 111111010?
111111100
In base 4, what is 11 + 120231?
120302
In base 7, what is 1020 + 5?
1025
In base 3, what is 2 - 202?
-200
In base 16, what is -3 - 1bb?
-1be
In base 13, what is -114 - 2?
-116
In base 12, what is -21 + -9?
-2a
In base 2, what is 101001 + -11110?
1011
In base 16, what is 7d3e - -4?
7d42
In base 10, what is -17 + 0?
-17
In base 5, what is -11 - -3?
-3
In base 5, what is 14012 + -10?
14002
In base 12, what is 10 - 1a1?
-191
In base 9, what is -275 - -3?
-272
In base 3, what is -12 + -20?
-102
In base 16, what is -6b - 4?
-6f
In base 2, what is 11011111 - 1110?
11010001
In base 14, what is 2 + 9bd?
9c1
In base 15, what is 28d + -5?
288
In base 5, what is -12 + 24002?
23440
In base 10, what is 3 + 89?
92
In base 16, what is 1428 + 2?
142a
In base 14, what is -b3 - 28?
-db
In base 3, what is -122 - 211110?
-212002
In base 11, what is -555 + -3?
-558
In base 16, what is -3 + 16?
13
In base 9, what is -7 + -42?
-50
In base 3, what is 12 + 10112?
10201
In base 14, what is 5 + -bb?
-b6
In base 9, what is -2 + -38?
-41
In base 9, what is 5138 - -4?
5143
In base 2, what is -110011 + -1010001?
-10000100
In base 10, what is 8 + 5?
13
In base 7, what is 3 + 215?
221
In base 16, what is 3 + 34?
37
In base 4, what is 320 - -11?
331
In base 11, what is 4 + -139?
-135
In base 11, what is 14 + 3a?
53
In base 2, what is -10010 + 110000?
11110
In base 5, what is -103 - 0?
-103
In base 16, what is 5 - -54?
59
In base 6, what is -335 + -3?
-342
In base 12, what is 11b - 52?
89
In base 8, what is -14073 - 0?
-14073
In base 8, what is 11005 - 0?
11005
In base 6, what is 43 - -41?
124
In base 7, what is 4 - -620?
624
In base 6, what is -34 + -1052?
-1130
In base 4, what is 200 + -231?
-31
In base 4, what is 2 - -101?
103
In base 15, what is 55 - -18?
6d
In base 14, what is 81 + -3b?
44
In base 7, what is -212 + -2?
-214
In base 11, what is 724 + 5?
729
In base 15, what is d + -b?
2
In base 12, what is 134 + -1?
133
In base 2, what is 1 - 110?
-101
In base 10, what is 2 + -734?
-732
In base 14, what is -15 + 7?
-c
In base 13, what is -7b5 + 5?
-7b0
In base 9, what is -1 - 176?
-177
In base 12, what is -4 + -40?
-44
In base 6, what is 5 - 5?
0
In base 2, what is -1 + 110001011010?
110001011001
In base 10, what is 5 + -114?
-109
In base 13, what is -5 + -30?
-35
In base 11, what is 14 + -35?
-21
In base 13, what is -c2 + 1?
-c1
In base 16, what is -61b + 11?
-60a
In base 6, what is 31141 - 3?
31134
In base 16, what is -10 - -11?
1
In base 12, what is -15 - 3?
-18
In base 9, what is 77 + -2?
75
In base 8, what is 10304 - 1?
10303
In base 4, what is -11300 - 130?
-12030
In base 7, what is 5653 - -1?
5654
In base 15, what is -4 + -35?
-39
In base 5, what is 0 - 11101?
-11101
In base 13, what is 9 - -696?
6a2
In base 13, what is 30 - -78?
a8
In base 16, what is 14c + 6?
152
In base 4, what is -201 - 101?
-302
In base 5, what is -104 + 3?
-101
In base 14, what is -14c5 + 4?
-14c1
In base 3, what is 222 - 12?
210
In base 9, what is -23 - -67?
44
In base 15, what is -1231e - 3?
-12322
In base 9, what is -3 - -1077?
1074
In base 6, what is -350 + -1?
-351
In base 15, what is 3 + 16?
19
In base 4, what is -1001 + 0?
-1001
In base 10, what is -307 - -5?
-302
In base 4, what is 33122 + -2?
33120
In base 5, what is -21401 + 0?
-21401
In base 13, what is -2 - -865?
863
In base 4, what is -2213 - 10?
-2223
In base 5, what is 10 - 11323?
-11313
In base 11, what is 250 - 2?
249
In base 3, what is -12 + 1012?
1000
In base 11, what is 9 - -5?
13
In base 8, what is -1 + 1031?
1030
In base 8, what is -121 + 3?
-116
In base 15, what is 3 - -144?
147
In base 12, what is -a4 + -3a?
-122
In base 12, what is -276 + -15?
-28b
In base 12, what is -18 - -110?
b4
In base 2, what is 110101101110 - -10?
110101110000
In base 9, what is 12084 - -4?
12088
In base 14, what is 5 + -1098?
-1093
In base 5, what is 1314 + 10?
1324
In base 9, what is -120 + 246?
126
In base 13, what is 242 + -3?
23c
In base 13, what is 21 + -1c?
2
In base 5, what is -3133 + 21?
-3112
In base 7, what is -104 - -26?
-45
In base 16, what is -bf + -1?
-c0
In base 12, what is 2b + 0?
2b
In base 9, what is 427 - -24?
452
In base 3, what is -10 + 2121?
2111
In base 9, what is -514 + 28?
-475
In base 3, what is -122 - 2120?
-10012
In base 8, what is 2 + -132?
-130
In base 3, what is -1 - -12110?
12102
In base 4, what is 232 + 3?
301
In base 16, what is -1c + 129?
10d
In base 2, what is -11111 + -111110111?
-1000010110
In base 9, what is -2 - -1714?
1712
In base 12, what is -b5 - -14?
-a1
In base 6, what is -10 - -1043?
1033
In base 8, what is 7 + -64?
-55
In base 6, what is 2 - -151?
153
In base 16, what is 7d8 + -1?
7d7
In base 3, what is -111 - 0?
-111
In base 2, what is -111 + 1000?
1
In base 3, what is -11 - -22222202?
22222121
In base 15, what is 2 - -1e9a?
1e9c
In base 6, what is -3 - 3443?
-3450
In base 13, what is -1a + 0?
-1a
In base 12, what is 1688 + -3?
1685
In base 16, what is -2 - 410?
-412
In base 16, what is 7 + 6e?
75
In base 11, what is 12a45 + -3?
12a42
In base 16, what is 1 + -98?
-97
In base 11, what is 5 + -a?
-5
In base 5, what is 34 - 100?
-11
In base 11, what is -5 + 19a?
195
In base 11, what is 1297 - 2?
1295
In base 5, what is -11303 - -3?
-11300
In base 6, what is -53 - 44?
-141
In base 13, what is -62 + 1c?
-43
In base 16, what is 1a + -4?
16
In base 14, what is 16 - -39?
51
In base 6, what is 342 + -45?
253
In base 8, what is -22 - -45?
23
In base 7, what is 2 + 45?
50
In base 2, what is 110 - -1001000?
1001110
In base 3, what is 1011 - -120?
1201
In base 11, what is 1 + 77?
78
In base 7, what is 5056 + 10?
5066
In base 7, what is -14 + -123?
-140
In base 4, what is 0 - 102131?
-102131
In base 6, what is 3 + 23015?
23022
In base 15, what is -11 + -4d?
-5e
In base 6, what is 5 - 24200?
-24151
In base 13, what is -c16 - -3?
-c13
In base 11, what is 2 + -3231?
-322a
In base 2, what is 1110111111 + -10?
1110111101
In base 14, what is -4 + b?
7
In base 4, what is -1011 + -10?
-1021
In base 9, what is 184 + -21?
163
In base 9, what is -10 - 14?
-24
In base 5, what is -1312 - -4?
-1303
In base 15, what is -25 - 55?
-7a
In base 3, what is -22021 - 0?
-22021
In base 3, what is -112021020 + -10?
-112021100
In base 13, what is -3 - -1286?
1283
In base 5, what is -333023 - 3?
-333031
In base 12, what is -274 + 2?
-272
In base 9, what is -5 + -1668?
-1674
In base 10, what is -1 + -72?
-73
In base 4, what is 200 + -10?
130
In base 2, what is 11 - -1010010100?
1010010111
In base 2, what is -1000110010010111 - 0?
-1000110010010111
In base 6, what is -5 - 3022?
-3031
In base 11, what is -3a + -1?
-40
In base 6, what is 131 + -4?
123
In base 7, what is -44 - 4?
-51
In base 2, what is -1000 + -101001?
-110001
In base 4, what is 101101 - -1?
101102
In base 13, what is 4 - 247?
-243
In base 16, what is -68 + -2?
-6a
In base 2, what is 10 + -11100100?
-11100010
In base 15, what is 5 - 24e?
-249
In base 2, what is -10 + 111011?
11